1
In base 9, what is 1425 - -80?
1515
In base 9, what is 27370 - 0?
27370
In base 12, what is -42a5 - 5?
-42aa
In base 8, what is 725 + -215?
510
In base 7, what is -3 - 656155?
-656161
In base 2, what is -1011100110011 - -1000001?
-1011011110010
In base 15, what is -13aed4 + 4?
-13aed0
In base 3, what is 11002022 + 0?
11002022
In base 7, what is 6 - 1122612?
-1122603
In base 15, what is 26dd + a?
26e8
In base 10, what is -82490 + -3?
-82493
In base 4, what is 201233123 - -11?
201233200
In base 11, what is -2 - 47263?
-47265
In base 16, what is -1206b - 4?
-1206f
In base 8, what is 1 - 4720?
-4717
In base 16, what is -3f - 27?
-66
In base 4, what is 3 + -222200213?
-222200210
In base 14, what is -7d0 - -46?
-788
In base 8, what is 605 - 5443?
-4636
In base 13, what is -166 + -422?
-588
In base 8, what is -101 - 4342?
-4443
In base 4, what is 100102222 - 1?
100102221
In base 12, what is 163282 - 3?
16327b
In base 4, what is -10 - -2321331?
2321321
In base 2, what is 100 + -11110011100101110101?
-11110011100101110001
In base 4, what is -312100113 + -1?
-312100120
In base 4, what is 1321132122 - -11?
1321132133
In base 3, what is -10 + -121221112?
-121221122
In base 16, what is 0 - 39d?
-39d
In base 10, what is 31 - 1889?
-1858
In base 15, what is -1779 + 8?
-1771
In base 9, what is -52340 - -341?
-51888
In base 7, what is -165603 + -3?
-165606
In base 13, what is 36499 - 0?
36499
In base 9, what is -317 - 27?
-345
In base 9, what is 380 - 26?
353
In base 2, what is 100101 - -10101110010110?
10101110111011
In base 13, what is -9aa3b + -5?
-9aa43
In base 12, what is 173b + 14?
1753
In base 11, what is -93362 - 2?
-93364
In base 6, what is 1 - -110230?
110231
In base 6, what is -10 - 141033?
-141043
In base 9, what is 70 + 3?
73
In base 10, what is 18 + 92792?
92810
In base 2, what is -1011100010010010 - 101?
-1011100010010111
In base 7, what is -1026525 + -136?
-1026664
In base 10, what is -4 + -46445?
-46449
In base 2, what is 10011111110110110 - -110?
10011111110111100
In base 15, what is 1d3 + 636?
819
In base 7, what is 6 - -212645?
212654
In base 5, what is 2410 + 233030?
240440
In base 8, what is -11 - 6057?
-6070
In base 5, what is 111 - 230311?
-230200
In base 14, what is -c - 707?
-715
In base 6, what is -11135 + -1?
-11140
In base 10, what is -35 + -16388?
-16423
In base 13, what is -10b822 - -3?
-10b81c
In base 14, what is 9c06 - 1?
9c05
In base 8, what is -7306 - -6?
-7300
In base 13, what is 69 - 5?
64
In base 8, what is -417734 + 1?
-417733
In base 11, what is -10 + -1a13?
-1a23
In base 7, what is -423 + 4402?
3646
In base 11, what is 156500 - -5?
156505
In base 9, what is 135837 - 1?
135836
In base 13, what is 1 - 1206c?
-1206b
In base 10, what is 46 + -23667?
-23621
In base 14, what is -9da + -58?
-a54
In base 15, what is 13d - -167?
2a5
In base 6, what is 14140111 + -2?
14140105
In base 7, what is 2613 + -10?
2603
In base 8, what is -145 - -2552?
2405
In base 7, what is 111 + -12654?
-12543
In base 5, what is -1013202 + 2?
-1013200
In base 16, what is 3c0 - -40?
400
In base 4, what is 311 - -1033020?
1033331
In base 7, what is 251504 - 5?
251466
In base 16, what is -b6e + 10?
-b5e
In base 4, what is 110101113 - 1?
110101112
In base 10, what is -8470 + 8?
-8462
In base 16, what is 2f9a - 2?
2f98
In base 11, what is a - -4286?
4295
In base 16, what is -5c + 6ce?
672
In base 16, what is -9 - -4e2f?
4e26
In base 3, what is -12222 + -1211?
-21210
In base 14, what is -2c + c62?
c34
In base 3, what is 1001202202 - 1?
1001202201
In base 10, what is 2 + 10592?
10594
In base 9, what is 30085 - -5?
30101
In base 3, what is 102 - -220212111?
220212220
In base 7, what is 10346 - 145?
10201
In base 5, what is -30 - -131443?
131413
In base 13, what is -802 + -237?
-a39
In base 4, what is 332210012 - 2?
332210010
In base 3, what is 1121211 + 100?
1122011
In base 10, what is -2811 + -3?
-2814
In base 16, what is 0 - 1377?
-1377
In base 16, what is ecb + -3b?
e90
In base 9, what is -63 + 66820?
66746
In base 14, what is -6 + 1890?
1888
In base 9, what is 10702 + 1?
10703
In base 9, what is 75420 - -5?
75425
In base 7, what is 115303 - 355?
114615
In base 5, what is -1 - -4324314?
4324313
In base 9, what is 584 - -37?
632
In base 16, what is -a93c8 + 1?
-a93c7
In base 6, what is 1333002 - -5?
1333011
In base 13, what is -1728 - 48?
-1773
In base 11, what is 3 - -61717?
6171a
In base 14, what is 7020b + 2?
7020d
In base 12, what is -53 - 1890?
-1923
In base 16, what is -4 + -3aa9?
-3aad
In base 15, what is -3 + 12ebd?
12eba
In base 7, what is 556 - -154?
1043
In base 4, what is 20 + 1130030?
1130110
In base 2, what is 11010110111101110 + -101?
11010110111101001
In base 14, what is -7db4 - -2?
-7db2
In base 15, what is 30 - -2eda?
301a
In base 11, what is -78 - -10249?
10181
In base 7, what is -4434 + 35?
-4366
In base 11, what is -2 + 4928?
4926
In base 8, what is 65752 - -7?
65761
In base 10, what is -62 - -1686?
1624
In base 11, what is -7 + -2937?
-2943
In base 13, what is 2 - -53ca?
53cc
In base 6, what is 1104 - -32?
1140
In base 12, what is -39a - 441?
-81b
In base 15, what is -366 - 31?
-397
In base 3, what is -221 - 222010200?
-222011121
In base 14, what is -d - -6a403?
6a3d4
In base 13, what is -106 - 711?
-817
In base 7, what is 613310 + 0?
613310
In base 6, what is 10432 - -1324?
12200
In base 3, what is -2001220 - 1022222?
-10101212
In base 3, what is 2110021002 - -1?
2110021010
In base 13, what is -8215 - -6?
-820c
In base 7, what is -5 + 21360?
21352
In base 6, what is -140024301 + -5?
-140024310
In base 10, what is 72 - -1864?
1936
In base 10, what is 5 + 13674?
13679
In base 2, what is 111001110 + 10110?
111100100
In base 9, what is -2768 + -1221?
-4100
In base 6, what is 5 - 345242?
-345233
In base 2, what is 1111100 - 1110100000?
-1100100100
In base 8, what is 177 - 105627?
-105430
In base 2, what is 11 + 10010111001101?
10010111010000
In base 6, what is -4 + 1511013?
1511005
In base 7, what is -13522 + -5?
-13530
In base 16, what is -e713 + 1?
-e712
In base 8, what is -7 - 160505?
-160514
In base 8, what is 203212 - -3?
203215
In base 12, what is 11a7a4 + 1?
11a7a5
In base 15, what is -d8e - -5ec?
-792
In base 13, what is 204c0 - 1?
204bc
In base 6, what is 2052 + -35420?
-33324
In base 4, what is 21012 - -110032?
131110
In base 7, what is -1253 + -515?
-2101
In base 8, what is -154470 - -5?
-154463
In base 13, what is 2 + -1b808?
-1b806
In base 13, what is 21b + b2?
300
In base 13, what is -3 - 20a23?
-20a26
In base 16, what is baf3 - -27?
bb1a
In base 9, what is 7 + 7041?
7048
In base 15, what is 93 - -d58?
deb
In base 4, what is 1120122 - 1131?
1112331
In base 4, what is 0 + -11112130?
-11112130
In base 11, what is 103a417 - -2?
103a419
In base 11, what is -34 + -9411?
-9445
In base 6, what is 11302020 - -5?
11302025
In base 3, what is -11 + -101110200?
-101110211
In base 5, what is -34432 - 2414?
-42401
In base 9, what is 4 + -1772057?
-1772053
In base 6, what is -334 + -442?
-1220
In base 10, what is 477163 + 5?
477168
In base 13, what is 10574 - -5?
10579
In base 10, what is 216 - 18?
198
In base 13, what is -1669a - -1?
-16699
In base 8, what is 53516 + 1?
53517
In base 11, what is -1 + 22808?
22807
In base 6, what is -4 - 312000?
-312004
In base 16, what is -2 - 58f?
-591
In base 6, what is 542 + 42?
1024
In base 12, what is 3615 - -5?
361a
In base 6, what is -4 - -13302100?
13302052
In base 4, what is 23 + -33101?
-33012
In base 6, what is -1 + 232015?
232014
In base 7, what is 4644615 - 0?
4644615
In base 15, what is -4ae4d1 - -2?
-4ae4ce
In base 16, what is d2c5a - 1?
d2c59
In base 13, what is 63b28 + -3?
63b25
In base 6, what is 11 - -2432021?
2432032
In base 7, what is 0 + -2543042?
-2543042
In base 16, what is 0 + 39a5?
39a5
In base 5, what is -44 - 42143?
-42242
In base 4, what is 111 + 20011220?
20011331
In base 15, what is a + -5761d?
-57613
In base 7, what is -3 - 3644304?
-3644310
In base 16, what is 3 + -1958?
-1955
In base 14, what is 16 - 2340?
-2328
In base 5, what is -22 + -1014334?
-1014411
In base 13, what is -1120 - -439?
-9b4
In base 10, what is 177647 + -10?
177637
In base 3, what is -121000011 + 10?
-121000001
In base 2, what is -11111010000100 - -1001?
-11111001111011
In base 12, what is -89b0 + 